84 = 460*z. What is the remainder when z is divided by 321?
101
Let t = -59 - 116. Let f = t + 235. Suppose 0 = 3*l - 8 - 40. Calculate the remainder when f is divided by l.
12
Let n = 275 + -266. Calculate the remainder when 134 is divided by -15 + 81/n + 77.
63
Let q = -392 + 434. Suppose -k + 31 = -n, k + 2*n + 7 - 35 = 0. What is the remainder when q is divided by k?
12
Suppose -29*a - 688 + 5734 = 0. What is the remainder when 374 is divided by a?
26
Let j(f) = 17*f**2 + 742*f - 66. Calculate the remainder when j(-44) is divided by 164.
34
Let p(m) = 14*m + 370. Suppose 19 + 44 = 3*z. Calculate the remainder when p(-13) is divided by z.
20
Let q be ((-2140)/(-8))/5 + 2/4. Suppose -3*g = -2*g - q. What is the remainder when 32 is divided by (-3 - g/(-15))*15?
5
Suppose -a + 2*k = -4*a + 419, a - 5*k = 151. Suppose 0 = -10*c - a - 79. What is the remainder when (c/1)/(-13 - -11) is divided by 4?
3
Suppose -5*b - 225 = 5*q, 3*b - q = -5*q - 140. What is the remainder when (44/18 - b/180)*15 is divided by 26?
14
Let d(s) = -4*s + 83. Let k be d(20). Let z(y) = 5*y**2 + 9*y - 31. Calculate the remainder when 136 is divided by z(k).
13
Suppose -52*y + 8*y + 546 = 47*y. Calculate the remainder when y is divided by 12/9 - 9/27.
0
Suppose -5*r + 6*r + y - 287 = 0, 586 = 2*r - 2*y. Calculate the remainder when 3766 is divided by r.
286
Let p = -562 + 577. Suppose -56 - 154 = -p*n. Let t(u) = -2*u**3 + 2*u**2 - 3*u. Calculate the remainder when t(-3) is divided by n.
11
Let p(l) = 2*l + 29. Let a be 3*3/(-6)*8. Let c be p(a). Suppose u + 82 = 3*u - 5*z, 0 = c*u + 3*z - 236. Calculate the remainder when u is divided by 7.
4
Let a(b) = -5*b + 35. Let o be a(6). Suppose y + y - 446 = o*i, 4 = -i. What is the remainder when y is divided by 9?
6
Let t(s) = -25*s - 61. Let p(o) = -87*o - 213. Let r(m) = -5*p(m) + 18*t(m). What is the remainder when r(-6) is divided by 26?
5
Let s be 6/2*847/11. Let q = s + -223. What is the remainder when q is divided by 5?
3
Suppose 0 = -6*w + 10*w - 972. Let t(a) = 14*a**2 + 68*a - 131. Calculate the remainder when w is divided by t(2).
60
Let x = 921 + -1010. Let k = -7 - -26. Let s = k - x. Calculate the remainder when s is divided by 28.
24
Let s(c) = 21*c**2 + 148*c + 38. What is the remainder when 113 is divided by s(-7)?
20
Suppose 0 = 2*l - 8 - 4. Let j(u) = 28*u - 22. Let w be j(l). Let i = 216 - w. What is the remainder when i is divided by 37?
33
Suppose 154*f + 157*f - 25813 = 0. What is the remainder when 90 is divided by f?
7
Let r = 53821 + -53800. Calculate the remainder when 3*1/((-3)/(-167)) is divided by r.
20
Suppose -5*c = 2*l - 43, -66*c - 20 = -70*c - 4*l. Calculate the remainder when 3031 is divided by c.
6
Suppose 0*m - 1 = -2*m + 3*o, -4*m = 2*o - 10. Suppose -106 = -3*d - m*l, 89 + 97 = 5*d + l. What is the remainder when 74 is divided by (10/28 - (-1)/7)*d?
17
Suppose 2*y - 20 + 10 = 0. Suppose -w + 3*w + 8 = 0. What is the remainder when (-1)/(1*w/96) is divided by y?
4
Let t = 30552 - 29756. What is the remainder when 1613 is divided by t?
21
Let k(f) = 438*f**3 + f**2 - 2*f - 2. Let a be k(-1). Let w = a + 732. Suppose -6*y = -y - w. What is the remainder when y is divided by 10?
9
Suppose -t + 150 = 5*x, -136 = -5*x + 3*t + 14. Suppose -4*v - 97 = 5*f, -2*f + 3*v - 40 = 4*v. Let b = x + f. Calculate the remainder when 25 is divided by b.
7
Let a be 1/(5/13) - 4/(-10). Suppose a*y + 474 = 7*y + l, -127 = -y + 4*l. What is the remainder when y is divided by 28?
7
Suppose 0 = 3*m + 4*i - 224, -2*i - 50 = -3*m + 108. Suppose -68 = -4*o + 3*c, -o - 5*c - 6 = -0*c. Calculate the remainder when m is divided by o.
4
Let w = -7193 + 10648. Calculate the remainder when w is divided by 48.
47
Let k = 73 - 73. Suppose -43*h + 44*h - 2 = k. Suppose h*i = 5*x - 345, -2*x + 315 = 3*x + 4*i. Calculate the remainder when x is divided by 17.
16
Suppose -z - 28 = -3*z - 2*b, z + 2*b = 11. Let p(r) = 3*r**2 - 15*r + 20. Let d = 190 - 186. Calculate the remainder when z is divided by p(d).
1
Let k = -104 + 511. Suppose n + k = 3*m, -3*n = 5*m - m - 560. Calculate the remainder when m is divided by 35.
32
Let h = 9797 - 9420. Calculate the remainder when h is divided by 48.
41
Let i = -230 - 4. Let u = i + 236. Calculate the remainder when 2 is divided by u.
0
Suppose 395*u - 408*u + 156 = 0. Calculate the remainder when 3400 is divided by u.
4
Suppose -3*s - 1 + 13 = 0. Suppose 3*k - v - 3 = 5, 5*v + 20 = 5*k. Suppose 2*x + x + 2*j = 77, -k*x - 3*j = -58. What is the remainder when x is divided by s?
3
Let f = -2672 + 2700. Let c = 71 + -33. Calculate the remainder when c is divided by f.
10
Let g(q) = -q**2 - 78*q - 1476. What is the remainder when 68 is divided by g(-42)?
32
Let k(z) = -19*z**2 - 1112*z + 118. Calculate the remainder when k(-48) is divided by 243.
241
Suppose -1322 = -40*x + 1798. Let c(v) = v**3 + 12*v**2 + 27*v - 18. Calculate the remainder when x is divided by c(-8).
12
Let t be (3/(-3))/((-5)/690*3). Let u = 49 - t. Suppose -u*v - 7 + 32 = r, -91 = -5*r + 2*v. Calculate the remainder when 36 is divided by r.
17
Let n = -23 + 26. Suppose -2*v = -n*f - 2*f + 37, 3*v + 3 = 0. Suppose -2*k = -d + f, 5*d - 3*k = -0*k + 35. Calculate the remainder when 25 is divided by d.
4
Let m be 5 + -3 + (0 + -1 - -1). Suppose -m*n + 5*v + 173 = 0, 3*n + 2*v - 3*v - 227 = 0. Calculate the remainder when n is divided by 19.
17
Suppose 5*g - 70 = 5*i, 2*g + 4*i = 4*g - 32. Let h(a) = 10*a + 6. Let v be h(g). Suppose -10*b = -3*b - v. What is the remainder when 160 is divided by b?
16
Let q = -8534 - -9334. What is the remainder when q is divided by 38?
2
Suppose 14*h - 40 = 514 + 160. What is the remainder when 4230 is divided by h?
48
Suppose 3*r + 5 = -4*d + 34, r + 3*d - 13 = 0. What is the remainder when 42/1 - (-2)/(-1) is divided by r?
5
Let r = 488 + 32. Suppose -2*w - r = -10*w. Suppose 3*b - 96 = 6. What is the remainder when w is divided by b?
31
Suppose -4160*f + 4166*f = 3252. Calculate the remainder when f is divided by 22.
14
Let k = -140 + 440. Let t = k - 273. What is the remainder when 53 is divided by t?
26
Let c = -21124 - -21127. Calculate the remainder when 207 is divided by c.
0
Let d = 31 - 55. Let j be 6/(d/(-20)) - -151. Suppose 3*r - j = 339. Calculate the remainder when r is divided by 42.
39
Suppose 0*b - 2*b - 12 = 2*v, 3 = 3*b - 4*v. What is the remainder when 126*(40/(-12) - (b + -1)) is divided by 47?
37
Suppose -2*z + 75 = 5*p, p + 4*z = z + 2. What is the remainder when p is divided by 308/55 + 6/15?
5
Let g = 15 + 4. Suppose -5*m - 3*y = y - 220, 100 = 3*m - 4*y. Let f = 96 - m. Calculate the remainder when f is divided by g.
18
Let w = -38 - -78. Let r(u) = 18*u**2 - 830*u - 155. What is the remainder when r(47) is divided by w?
37
Let b(v) = -2*v**2 - 15*v - 8. Let r be b(-6). Suppose r = 2*n + 3*n. Suppose -n*d + 46 - 18 = 0. What is the remainder when 55 is divided by d?
13
Suppose -3*t + 826 = 2*p, 3*t = -0*p + 5*p - 2044. Calculate the remainder when p is divided by 46.
42
Suppose 0 = 4*s - 7*s + 9. Calculate the remainder when 144 is divided by s.
0
Suppose -19*z + 23*z - 16 = 0. Suppose 10*w = -z*w + 56. Calculate the remainder when 21 is divided by w.
1
Let q(z) = -2*z**3 - 17*z**2 + 8*z + 104. Calculate the remainder when q(-9) is divided by 26.
9
Let w be (-7 - 38/(-4))*726/15. Suppose -t - w = -2*l, -3*l - 3*t = -2*t - 189. Calculate the remainder when l is divided by 1.
0
Let o = -59 - -51. Suppose -6 = 3*i, k + 4*k = 5*i + 20. Calculate the remainder when ((-10)/o)/((2 + -7)/(-20)) is divided by k.
1
Suppose -4*o = m + 79, 4*m - 2*o = -6*o - 292. Let y = -61 - m. Suppose 0 = -r + 65 - y. Calculate the remainder when r is divided by 28.
27
Let c = 9031 - 8173. What is the remainder when c is divided by 21?
18
Let i(j) be the first derivative of j**4/4 + 2*j**3 - 9*j**2/2 - 3*j + 25. Let a = 11 + -15. What is the remainder when i(a) is divided by 17?
14
Suppose i = -0*i + 3. Suppose 4*h + 4*d = 36, d = -h + 3*h - i. Suppose -44 = -h*l - 4*a, 3*l - 4*a - 52 = -l. What is the remainder when l is divided by 5?
2
Suppose -3*h + 17 = -4*k, -2*k - 1 - 3 = 0. Suppose -6*m + h*m + c + 2 = 0, -3*c = -3. Suppose 34 = 13*o - 18. What is the remainder when o is divided